{"id":61,"date":"2017-04-18T20:56:53","date_gmt":"2017-04-18T20:56:53","guid":{"rendered":"http:\/\/markozupan.com\/?page_id=61"},"modified":"2019-12-04T15:53:06","modified_gmt":"2019-12-04T15:53:06","slug":"biography","status":"publish","type":"page","link":"http:\/\/markozupan.com\/?page_id=61","title":{"rendered":"Biography"},"content":{"rendered":"<p>Flutist Marko Zupan enjoys a diverse international career as a soloist, chamber artist, orchestral player, improviser, teacher and arranger.<\/p>\n<p>He graduated at the Academy of Music in Ljubljana, Slovenia in the class of prof. Matej Zupan. Later he entered the class of Prof. Pierre-Yves Artaud at ENMP \u201cAlfred Cortot\u201d in Paris as well as Conservatoire National de Musique de Cr\u00e9teil \u201cMarcel Dadi\u201d to study with Prof. Georges Alirol. After gaining the Dipl\u00f4me Sup\u00e9rieur d\u2019Enseignement and d\u2019Ex\u00e9cution, he also achieved the Dipl\u00f4me Sup\u00e9rieur de Concertiste de Fl\u00fbte. Following his time in Paris he perfected his knowledge as a postgraduate student at the \u201cMozarteum\u201d in Salzburg in the class of the celebrated slovenian flutist Irena Grafenauer. Additionally he received important musical impulses at masterclasses with renowned flutists such as Emmanuel Pahud, Peter-Lukas Graf, Michael-Martin Koffler, Felix Renggli and Sophie Cherier. Most notably, he had the chance to participate in the last three masterclasses held by the legendary Prof. Aurele Nicolet in Paris, Hvar and Weimar.<\/p>\n<p>During his studies he became prizewinner of several Slovenian national competitions as well as the International music competitions in Trieste (2000, Italy), Picardie (2004, France), Belgrade (2005, Serbia) and Braunschweig (2011, Germany).<\/p>\n<p>His work as a principal flutist include orchestras such as Berliner Symphoniker, German National Orchestra, Brandenburger Symphoniker, Filharmonia Sudecka, Philharmonisches Orchester des Staatstheaters Cottbus, Evian Festival Orchestra, Mozart Sinfonietta Salzburg, Neues Kammerorchester Potsdam, Philharmonie der Nationen and others.<\/p>\n<p>In 2010 he started teaching at the Academy of Music in Split, Croatia. Seeing the lack of possibilities for orchestral experience there, he started working on Flute orchestral excerpts arranged for flute quartet, which in 2013 he published with the Svitzer editions in Kopenhagen. The book achieved international recognition. As a part of his pedagogical activities, he is also giving masterclasses all over Croatia, Bosnia, Slovenia, Romania and also Japan. Since 2013 he has regularly taught at the Summer music school in Kastela, Croatia. Since 2018 he also gives courses at \u201cArdea\u201d International Music Masterclasses (Bosnia and Herzegovina) and Youngmasters Samobor International Young Musician\u2019s Summer Class (Croatia).<\/p>\n<p>Both as soloist and chamber musician he has performed at numerous festivals such as: \u201cBr\u00fccken\u201d Festival f\u00fcr Neue Musik in Mecklenburg-Vorpommern, Days of J.S. Bach in Split \u2013 Croatia, Blackheath Series at the Church of the Ascension in London, Escales Musicales Evian, Performing Arts Series in Kansas \u2013 USA, Nacht der Komponisten Salzburg, Festival Neue Musik Randspiele Zepernick, Brianza Classica and Les Couleurs de l\u2019Europe festival in Algeria. Especially meaningful was the solo performance of the piece \u201cThis war\u201d by Eun-Ha Park at the 60 Years Hiroshima Peace Concert in Wiener Musikverein.<\/p>\n<p>His frequent concert activities took him all over Europe, the USA, Japan, China, South Korea, Vietnam and Algeria. He had the chance to play in such prestigious venues as the Berlin Philharmonie, Suntory Hall Tokyo, Wiener Musikverein, Konzerthaus Berlin, Slovenian Philharmonie, Gasteig M\u00fcnchen, Hanoi Opera House, Shanghai Oriental Art Center, National Centre of Performing Arts in Beijing and Salerno Opera House among others.<\/p>\n<p>He has published several CDs. One with Trio Susak (flute, saxophone, piano) and other with flutist Boris Bizjak and pianist Yoko Misumi, presenting music for two flutes and piano, recorded on the London-based Hedone records label. Currently he recorded 2 CD&#8217;s of German romantic flute music with his long-standing pianist Minka Popovic-Ganev, as well as a live CD from an improvisation concert with pianist Tina Mauko and accordionist Jure Tori.<\/p>\n<p>Working toward expanding the flute repertoire, he is not only premiering numerous compositions, most notably from the younger generation of Slovenian composers, but also transcribing and arranging classical pieces from other instruments for flute.<\/p>\n<p>He is founder and artistic director of the International Music Festival \u201cUrsus\u201d in Slovenia.<\/p>\n","protected":false},"excerpt":{"rendered":"<p>Flutist Marko Zupan enjoys a diverse international career as a soloist, chamber artist, orchestral player, improviser, teacher and arranger. He graduated at the Academy of Music in Ljubljana, Slovenia in the class of prof. Matej Zupan. Later he entered the class of Prof. Pierre-Yves Artaud at ENMP \u201cAlfred Cortot\u201d in Paris as well as Conservatoire [&hellip;]<\/p>\n","protected":false},"author":1,"featured_media":0,"parent":0,"menu_order":0,"comment_status":"closed","ping_status":"closed","template":"","meta":[],"_links":{"self":[{"href":"http:\/\/markozupan.com\/index.php?rest_route=\/wp\/v2\/pages\/61"}],"collection":[{"href":"http:\/\/markozupan.com\/index.php?rest_route=\/wp\/v2\/pages"}],"about":[{"href":"http:\/\/markozupan.com\/index.php?rest_route=\/wp\/v2\/types\/page"}],"author":[{"embeddable":true,"href":"http:\/\/markozupan.com\/index.php?rest_route=\/wp\/v2\/users\/1"}],"replies":[{"embeddable":true,"href":"http:\/\/markozupan.com\/index.php?rest_route=%2Fwp%2Fv2%2Fcomments&post=61"}],"version-history":[{"count":6,"href":"http:\/\/markozupan.com\/index.php?rest_route=\/wp\/v2\/pages\/61\/revisions"}],"predecessor-version":[{"id":721,"href":"http:\/\/markozupan.com\/index.php?rest_route=\/wp\/v2\/pages\/61\/revisions\/721"}],"wp:attachment":[{"href":"http:\/\/markozupan.com\/index.php?rest_route=%2Fwp%2Fv2%2Fmedia&parent=61"}],"curies":[{"name":"wp","href":"https:\/\/api.w.org\/{rel}","templated":true}]}}